
2, 5, 7, 487
What are the prime factors of 25066?
2, 83, 151
List the prime factors of 433.
433
List the prime factors of 490.
2, 5, 7
What are the prime factors of 1510?
2, 5, 151
List the prime factors of 903.
3, 7, 43
List the prime factors of 1649.
17, 97
List the prime factors of 20394.
2, 3, 11, 103
What are the prime factors of 7798?
2, 7, 557
What are the prime factors of 1674?
2, 3, 31
List the prime factors of 73245.
3, 5, 19, 257
List the prime factors of 106280.
2, 5, 2657
List the prime factors of 13151.
13151
List the prime factors of 1926.
2, 3, 107
What are the prime factors of 1306?
2, 653
What are the prime factors of 6847?
41, 167
What are the prime factors of 1655?
5, 331
List the prime factors of 690.
2, 3, 5, 23
What are the prime factors of 19444?
2, 4861
What are the prime factors of 90?
2, 3, 5
List the prime factors of 2952.
2, 3, 41
What are the prime factors of 10500?
2, 3, 5, 7
List the prime factors of 56093.
56093
List the prime factors of 39.
3, 13
What are the prime factors of 18281?
101, 181
What are the prime factors of 749?
7, 107
What are the prime factors of 3?
3
List the prime factors of 1816.
2, 227
List the prime factors of 6112.
2, 191
What are the prime factors of 8410?
2, 5, 29
List the prime factors of 3349.
17, 197
What are the prime factors of 31130?
2, 5, 11, 283
List the prime factors of 751.
751
What are the prime factors of 151165?
5, 7, 617
List the prime factors of 2232.
2, 3, 31
List the prime factors of 4950.
2, 3, 5, 11
List the prime factors of 1535.
5, 307
What are the prime factors of 30582?
2, 3, 1699
What are the prime factors of 9719?
9719
List the prime factors of 6024.
2, 3, 251
List the prime factors of 1252.
2, 313
List the prime factors of 33041.
19, 37, 47
List the prime factors of 55389.
3, 37, 499
List the prime factors of 1364.
2, 11, 31
List the prime factors of 2202.
2, 3, 367
List the prime factors of 420.
2, 3, 5, 7
List the prime factors of 411.
3, 137
List the prime factors of 16805.
5, 3361
List the prime factors of 1453.
1453
List the prime factors of 4552.
2, 569
What are the prime factors of 9296?
2, 7, 83
List the prime factors of 18654.
2, 3, 3109
List the prime factors of 55276.
2, 13, 1063
What are the prime factors of 64572?
2, 3, 5381
List the prime factors of 11774.
2, 7, 29
List the prime factors of 6649.
61, 109
List the prime factors of 4730.
2, 5, 11, 43
What are the prime factors of 4537?
13, 349
List the prime factors of 184.
2, 23
List the prime factors of 8207.
29, 283
What are the prime factors of 2764?
2, 691
What are the prime factors of 5518?
2, 31, 89
List the prime factors of 1059.
3, 353
What are the prime factors of 13767?
3, 13, 353
List the prime factors of 19548.
2, 3, 181
What are the prime factors of 132130?
2, 5, 73, 181
List the prime factors of 33680.
2, 5, 421
List the prime factors of 14449.
14449
What are the prime factors of 691?
691
What are the prime factors of 5532?
2, 3, 461
List the prime factors of 11927.
11927
List the prime factors of 7424.
2, 29
What are the prime factors of 2147?
19, 113
List the prime factors of 135213.
3, 13, 3467
What are the prime factors of 25481?
83, 307
What are the prime factors of 2223?
3, 13, 19
List the prime factors of 5153.
5153
List the prime factors of 2320.
2, 5, 29
List the prime factors of 1157.
13, 89
List the prime factors of 10168.
2, 31, 41
List the prime factors of 4682.
2, 2341
What are the prime factors of 79050?
2, 3, 5, 17, 31
List the prime factors of 351.
3, 13
What are the prime factors of 5001?
3, 1667
What are the prime factors of 15776?
2, 17, 29
List the prime factors of 150879.
3, 19, 2647
What are the prime factors of 901?
17, 53
List the prime factors of 65639.
7, 9377
What are the prime factors of 1576?
2, 197
List the prime factors of 29642.
2, 14821
What are the prime factors of 1160?
2, 5, 29
List the prime factors of 1158.
2, 3, 193
List the prime factors of 3089.
3089
List the prime factors of 17595.
3, 5, 17, 23
List the prime factors of 492.
2, 3, 41
List the prime factors of 1022.
2, 7, 73
What are the prime factors of 77025?
3, 5, 13, 79
List the prime factors of 5922.
2, 3, 7, 47
What are the prime factors of 929?
929
What are the prime factors of 12500?
2, 5
List the prime factors of 46907.
7, 6701
List the prime factors of 1089.
3, 11
What are the prime factors of 108712?
2, 107, 127
What are the prime factors of 921?
3, 307
List the prime factors of 16320.
2, 3, 5, 17
What are the prime factors of 337?
337
What are the prime factors of 3652?
2, 11, 83
What are the prime factors of 12461?
17, 733
What are the prime factors of 6335?
5, 7, 181
What are the prime factors of 659?
659
What are the prime factors of 35858?
2, 17929
List the prime factors of 10381.
7, 1483
List the prime factors of 33384.
2, 3, 13, 107
What are the prime factors of 841?
29
List the prime factors of 4572.
2, 3, 127
List the prime factors of 910.
2, 5, 7, 13
What are the prime factors of 57568?
2, 7, 257
What are the prime factors of 9106?
2, 29, 157
What are the prime factors of 9696?
2, 3, 101
What are the prime factors of 71274?
2, 3, 7, 1697
List the prime factors of 1164.
2, 3, 97
What are the prime factors of 2917?
2917
What are the prime factors of 20118?
2, 3, 7, 479
What are the prime factors of 8016?
2, 3, 167
List the prime factors of 14109.
3, 4703
What are the prime factors of 110?
2, 5, 11
List the prime factors of 21377.
21377
List the prime factors of 4228.
2, 7, 151
List the prime factors of 8068.
2, 2017
What are the prime factors of 5761?
7, 823
List the prime factors of 562.
2, 281
List the prime factors of 33876.
2, 3, 941
What are the prime factors of 7322?
2, 7, 523
List the prime factors of 170.
2, 5, 17
List the prime factors of 29765.
5, 5953
List the prime factors of 41951.
7, 13, 461
What are the prime factors of 196315?
5, 7, 71, 79
List the prime factors of 30389.
30389
What are the prime factors of 62591?
62591
List the prime factors of 839.
839
List the prime factors of 39399.
3, 23, 571
List the prime factors of 8862.
2, 3, 7, 211
List the prime factors of 7430.
2, 5, 743
List the prime factors of 5132.
2, 1283
What are the prime factors of 1547?
7, 13, 17
What are the prime factors of 33011?
11, 3001
List the prime factors of 2020.
2, 5, 101
What are the prime factors of 15802?
2, 7901
List the prime factors of 139.
139
List the prime factors of 44194.
2, 19, 1163
What are the prime factors of 2522?
2, 13, 97
List the prime factors of 37861.
37861
What are the prime factors of 22328?
2, 2791
List the prime factors of 985.
5, 197
What are the prime factors of 24299?
11, 47
List the prime factors of 1769.
29, 61
What are the prime factors of 1768?
2, 13, 17
What are the prime factors of 14625?
3, 5, 13
List the prime factors of 76829.
76829
What are the prime factors of 6077?
59, 103
List the prime factors of 83358.
2, 3, 11, 421
List the prime factors of 38284.
2, 17, 563
What are the prime factors of 174?
2, 3, 29
What are the prime factors of 4884?
2, 3, 11, 37
List the prime factors of 39301.
39301
List the prime factors of 49953.
3, 16651
List the prime factors of 14220.
2, 3, 5, 79
List the prime factors of 9264.
2, 3, 193
What are the prime factors of 9419?
9419
What are the prime factors of 2279?
43, 53
What are the prime factors of 1666?
2, 7, 17
List the prime factors of 1181.
1181
What are the prime factors of 2278?
2, 17, 67
What are the prime factors of 16958?
2, 61, 139
What are the prime factors of 1387?
19, 73
List the prime factors of 2656.
2, 83
List the prime factors of 1880.
2, 5, 47
What are the prime factors of 20?
2, 5
List the prime factors of 21453.
3, 7151
List the prime factors of 66021.
3, 59, 373
What are the prime factors of 90455?
5, 79, 229
What are the prime factors of 975?
3, 5, 13
List the prime factors of 38227.
7, 43, 127
What are the prime factors of 102?
2, 3, 17
List the prime factors of 5916.
2, 3, 17, 29
List the prime factors of 4988.
2, 29, 43
List the prime factors of 32814.
2, 3, 1823
What are the prime factors of 606?
2, 3, 101
What are the prime factors of 1881?
3, 11, 19
List the prime factors of 8110.
2, 5, 811
List the prime factors of 1099.
7, 157
What are the prime factors of 1168?
2, 73
Wha